-20 - -40) - 2?
-17
What is -3 + (-3 - -15) - (-12 + (24 - 18))?
15
What is -221 + 245 - (0 - -7)?
17
-10 + 14 + 3 + -14 - (-5 - -1)
-3
Evaluate -13 + 0 + -27 + 33 + 10.
3
What is the value of -32 + 0 - (-369 + 351)?
-14
What is -11 + 25 + -5 + (7 - -2)?
18
What is the value of (-2 + 7 - (-10 + (17 - 2))) + -7?
-7
-14 + -4 + 19 - (3 - (-2 + 0))
-4
Evaluate -94 + 94 + -6 + (1 - 0) - 11.
-16
Evaluate 10 - (-1 - -30) - -15.
-4
What is (19 - 37 - 10) + 13?
-15
Evaluate -3 + -2 + -5 + -1 + 1 + 2.
-8
What is 10 - (9 + 11) - (-7 - 0)?
-3
Calculate -4 - ((9 - -2) + 80 + -99).
4
What is the value of (-8 - (-4 + -2 - 2)) + 13?
13
Evaluate 9 - ((-21 - 0) + 9 + 7).
14
Evaluate 0 + (-4 + 5 - -10) - 4.
7
What is 7 + -5 + (5 - 1) - (11 + -3)?
-2
Evaluate 4 - (17 - -23) - -24.
-12
Evaluate (-6 - -7) + 6 + 19 + -28.
-2
Calculate -2 + -16 + 27 - 16.
-7
What is (1 + -9 - -24) + -10 + (4 - -1)?
11
What is 35 - 1 - (-128 - -149)?
13
What is the value of 12 - (13 + (14 - 18))?
3
Evaluate 7 - (6 + -12 + 14).
-1
Evaluate 2 + (-3 - -9) + 2 + 57 + -73.
-6
Calculate 2 + -6 - -5 - (4 + 6) - -1.
-8
Calculate -54 - (-6 - 21 - 0).
-27
Calculate 16 + (-19 + 24 - -1).
22
What is the value of 1 + 5 - (2 - 2) - 0 - 3?
3
Calculate (-9 - (37 - 40)) + (0 - (0 + 13)).
-19
-10 - (0 - -1) - (-212 + 202)
-1
What is -3 + 3 + 4 + -7 + -4?
-7
What is 12 + 3 + (6 - (2 - -5))?
14
Calculate -8 - ((16 - 36) + 25 + (-5 - 0)).
-8
What is the value of ((-2 - -18) + -9 - (4 - 0)) + 19?
22
What is -13 + -7 + 17 + 0?
-3
What is -5 + (-7 - -13 - 11 - 7) + 47?
30
Calculate -15 + 21 - (3 + -5 - -1).
7
What is (4 - 6) + (0 - ((3 - 5) + 10))?
-10
What is 26 + -14 + -9 + -8?
-5
What is (-2 + -39 - (86 - 80)) + 16?
-31
Evaluate 1 - -5 - ((-28 - -5) + 19).
10
What is -29 + 36 + 30 - 20?
17
What is (-10 + 1 - (75 + -69)) + 0?
-15
Evaluate -11 + 9 + (-5 - -1).
-6
30 + 1 + -4 + -2
25
5 + (3 + -6 - -4) - -1
7
What is (0 - 4) + (10 - (-10 - -27))?
-11
Calculate 8 + (-21 - -2) - (6 + -11).
-6
What is the value of -3 - (-11 - 12 - -10)?
10
Calculate -15 + (15 - (-25 + 28)).
-3
(71 - 114) + -8 + 66
15
What is the value of -8 + (17 - (10 - 9) - -2) + -9?
1
Calculate -2 + (0 - -1) + (0 - (-9 + 4)).
4
What is the value of -16 - (-29 + 62 - 24)?
-25
What is 11 - (6 + -10 + -2) - 9?
8
Calculate 11 - (-3 + 21 + 1).
-8
What is (1 - 0 - (-40 + 51)) + -8?
-18
What is 8 - (8 + -15 - -15)?
0
Calculate -2 - (-2 - 9) - -3.
12
What is 4 + (0 - 0) - (18 - (-29 - -46))?
3
(-5 + 13 - (3 + -2)) + (-203 - -223)
27
-13 + 13 + -7 - 9 - -25
9
What is 1 - -1 - (-27 - (-62 - -35))?
2
Evaluate (-8 - -5 - -17 - (18 + -13)) + -7.
2
What is 40 - (43 + -2 - -32)?
-33
Calculate 4 + -13 - (-1 + 0 - 4 - -4).
-8
Calculate (5 - 17) + 3 - (5 + -4 + 1).
-11
What is the value of 19 + (6 - (5 - (4 - -1 - 0)))?
25
What is 5 + -6 - -1 - (-4 + (-14 - -9))?
9
What is the value of 5 + (-69 - -27) + 21?
-16
What is the value of 25 + -2 - 32 - -20?
11
What is -23 + 9 + 3 - -10?
-1
Evaluate -16 + (-16 - (-7 + (-1 - 1) - 1)).
-22
What is the value of 10 + -10 + 3 + -2 - -5?
6
What is the value of 5 - (9 + 22 + -16)?
-10
Evaluate -18 + -3 + 36 - 21.
-6
Calculate (-16 - (10 - 14) - -28) + 6.
22
What is 47 + -56 - (0 - -2) - -7?
-4
What is the value of 3 + -12 + -1 + 20?
10
Evaluate 0 - (-1 + 5) - (-34 - -14 - 7).
23
What is 23 - 18 - 4 - 15?
-14
Calculate 12 - (0 + 25 + -10).
-3
15 + (-9 - -6 - 5) + 0 - -7
14
-13 + -9 + 32 - 5
5
What is -14 - (-10 - (-3 + 10))?
3
Calculate -10 + (-10 - (7 - 10 - 12)) - 29.
-34
-166 - -138 - (-2 + (1 + -3 - 1))
-23
What is (1 - (-4 - -5) - 4) + -7?
-11
What is -20 + (36 - -30) - 13?
33
Evaluate -3 - (6 + (-16 - -15)).
-8
Calculate 0 - -5 - (-4 - -28) - (-4 + 7).
-22
Calculate (89 - 101) + (33 - -7).
28
(-23 - -23 - (5 + -9)) + 9
13
What is the value of -14 + -9 + 71 + 10 + -18?
40
Calculate -1 + -40 + (8 - -23).
-10
Evaluate (1 - 5) + (-15 - -11).
-8
What is the value of -9 + 6 + (-4 - 11)?
-18
What is the value of 1 + 5 + -19 + -10 - 3?
-26
What is the value of -13 - ((-12 + 3 - 26) + 0)?
22
2 - (-13 - (-7 - 0))
8
-4 + 10 - (-6 + -2 + 16)
-2
What is 9 - -5 - (-2 + 13 + -1 + -4)?
8
15 - (38 - (14 - 12))
-21
What is the value of (-35 - -22) + 6 - (-4 - 0)?
-3
What is 28 + 3 + 2 + (3 - -3 - 22)?
17
Calculate -3 + -2 + (-2 + 5 - (4 + -2)).
-4
What is -1 + -1 - ((0 - 6) + 12 + -12)?
4
Evaluate (-18 - -23) + -1 + -6 + 10 - 34.
-26
What is the value of (11 - 6) + -9 + 10 - -5?
11
Evaluate 1 + 3 + (-27 - (-9 - 3)).
-11
Evaluate 367 + -385 - (1 - 27).
8
What is 2 - (21 + -13) - (-11 + 11)?
-6
Evaluate -1 - 4 - (-161 - -139).
17
Calculate -14 - (0 + 1 + -16).
1
Evaluate 1 - ((31 - 16) + -20).
6
Evaluate -21 - (1 + -6 + 3).
-19
Calculate -3 + -3 + 10 + 27 + -18.
13
Evaluate 217 + -216 - (-2 + (0 - 13)).
16
(0 - -1) + -13 - (2 - 9) - 2
-7
What is the value of 5 + -2 + -1 + -5 + 1 + -1?
-3
Evaluate -26 - (-41 + 14 - -13).
-12
What is (3 + 0 - -2) + -7 + -10 + 1?
-11
What is the value of -8 + 15 + (8 - 24)?
-9
What is the value of 14 + 2 - 5 - (73 + -66)?
4
Evaluate 26 + (-15 - (-34 - -12) - 22).
11
Calculate (-22 + 18 - -20) + 7 + (-1 - 2).
20
Evaluate 4 + -5 - (14 + 0).
-15
Calculate (5 - 16 - -10 - -57) + -19.
37
Calculate 2 + -1 + 2 + (-7 - -18) + -6.
8
Calculate -1 - (0 + -2 + (-1 - 7)) - -2.
11
(-1 - (-1 + 4)) + 121 + 105 + -194
28
Evaluate (-1 - 17) + -75 + 84 + 1.
-8
Evaluate (-8 - -20) + -13 + -8 - (-2 - 20).
13
Evaluate (-13 + (7 - 3) - -14) + -17 + 2.
-10
What is the value of 3 - (2 - ((2 - -3) + (14 - 22)))?
-2
What is 41 - (48 + (-27 - -38))?
-18
What is 28 + -15 + (-37 - -11)?
-13
Evaluate 18 - (-22 + 1 + 20).
19
What is the value of (23 - 4 - 23) + 3?
-1
(1 - (0 - 2) - 1) + -54 + 50
-2
Calculate (56 - 49) + 1 + -18 - (-6 + 29).
-33
What is -9 + (11 - -10 - 0) + 35 - 11?
36
Calculate -17 - -1 - (67 - 74).
-9
What is -11 - 1 - (-4 - -17 - (-49 + 66))?
-8
25 + -10 + -15 + -14
-14
-18 + -3 - 0 - -18
-3
Evaluate 10 - ((-52 - -46) + -26).
42
Evaluate -19 + 14 - (-3 + 7) - 9.
-18
What is (16 + (-2 - (-2 - -8)) - 12) + 5?
1
Evaluate (19 + -2 - (2 - -4)) + (7 - 8).
10
Calculate -3 - (-10 + -1 - (-35 - -30)).
3
Calculate 18 + -17 + 9 + 11 + 1 + 1.
23
What is the value of 33 + -29 + 3 + 2 + (-6 - 1)?
2
31 + -27 + (0 + 4 - 5)
3
Calculate 0 - (8 + -17) - 11 - (-2 - -16).
-16
What is the value of (-1 - -21) + (-31 - -23)?
12
Calculate (-4 - (-1 - 0)) + (-269 - -270).
-2
257 - 252 - (-11 - (-2 + 0))
14
Evaluate -11 + 13 + (10 - 2) - (-7 - -2).
15
What is the value of 26 + -13 - (-2 + -5)?
20
27 + 1 + -22 + 11
17
Calculate 20 - (-58 + 59 + 1 + 1 + 3).
14
What is -31 + 14 - -9 - (-17 + (2 - 0))?
7
Calculate 15 + (-4 + -1 - -1 - (1 - 3)).
13
What is -1 + -10 + 23 + -9 - (-7 + 1)?
9
What is the value of -13 + 3 + 2 + 13 + -6?
-1
Calculate -6 - (21 + -17) - 6 - 3.
-19
What is -503 + 499 + 0 + 34 + -1 + 4?
33
8 - (16 + -4 + -3)
-1
Evaluate -45 + 53 - (19 + 0).
-11
What is (-2 + -2 - (-1 + 15 + 16)) + 6?
-28
What is (-17 - (-17 - 10)) + -1 + -3 + 3?
9
-8 + 1 - (9 + 2 - 13) - 5
-10
What is -25 + 14 + (-8 - (-14 + 3)) + -30?
-38
Calculate (8 - (6 - 8)) + 4 + -1 + -1.
12
What is -33 + 55 - (0 + -2)?
24
Calculate (-15 - -4) + -21 - (-12 + 0 + 2).
-22
What is the value of -13 + (-10 - -11) + 9?
-3
Calculate 88 + -112 - (-18 - (-4 - 4)).
-14
Calculate -7 - -1 - (-58 + 61).
-9
What is the value of 5 - (-2 + (12 - 13))?
8
-71 + 79 + (3 - (3 + 3 - -17))
-12
What is the value of -22 + 21 - (2 + -1) - 3?
-5
0 - 6 - 7 - (21 + -42 + 14)
-6
Calculate 8 + -1 + -1 + (21 - 9).
18
-9 - (1 - (35 + -26 - (26 + -2)))
-25
-14 + (-7 + 9 - 3 - -6)
-9
(-2 - (-6 + 5 + (2 - 5))) + -6
-4
What is -16 + (7 - (-9 + 9 + -3))?
-6
Calculate 5 + -13 + (1 - 1).
-8
Evaluate -1 + 6 + -22 + 8 + 5 + 0.
-4
Evaluate 4 - ((-1 - (-13 - (-12 - -7))) + 6).
-9
What is -44 + 21 + 7 + 0?
-16
Calculate -22 - -19 - -12 - (-2 + 25).
-14
What is the value of 22 + (-23 - -15 - -7)?
21
-15 + 1 + 1 + 6 + -3 + -1
-11
What is the value of 13 - (26 + 12 + -31) - 0?
6
What is -2 + (-3 - -17 - ((-1 - -4) + 2))?
7
What is (255 - 256) + (-12 - -2)?
-11
Calculate -1 + (3 - (2 + 0) - -2) + 5.
7
What is -36 - (54 - 27 - 34)?
-29
What is the value of (-18 - -9 - -18 - 1) + -4 + 18?
22
What is the value of 29 - 64 - (-100 + 27)?
38
What is 42 - (11 + 25 + -18)?
24
What is (19 - 1) + -12 + (0 - 15)?
-9
What is 